{"id":95,"date":"2018-02-10T20:59:22","date_gmt":"2018-02-10T20:59:22","guid":{"rendered":"http:\/\/www.4cefield.com.pl\/?page_id=95"},"modified":"2018-07-29T19:44:33","modified_gmt":"2018-07-29T19:44:33","slug":"rodo-gdpr","status":"publish","type":"page","link":"https:\/\/www.4cefield.com.pl\/?page_id=95","title":{"rendered":"RODO \/ GDPR"},"content":{"rendered":"<p><strong><em><span style=\"font-family: 'Open Sans',Helvetica Neue,Sans-serif;\"><span style=\"color: #002000;\">Od<span style=\"text-align: left; color: #666666; text-transform: none; line-height: 26px; text-indent: 0px; letter-spacing: normal; font-family: 'Open Sans',Helvetica Neue,Sans-serif; font-size: 16px; font-variant: normal; text-decoration: none; word-spacing: 0px; display: inline !important; white-space: normal; orphans: 2; float: none; -webkit-text-stroke-width: 0px; background-color: transparent;\"> maja 2018 roku obowi\u0105zuje og\u00f3lne rozporz\u0105dzenie o ochronie danych osobowych (RODO). Nie wszyscy wdro\u017cyli jeszcze ten przepis prawa. Oferuj\u0119 Pa\u0144stwu usuni\u0119cie tego niedoci\u0105gni\u0119cia.<\/span><\/span><\/span><\/em><\/strong><\/p>\n<p><em><strong>Jak mog\u0119 pom\u00f3c?<\/strong><\/em><br \/>\n<em><strong>Wykonam audyt<\/strong> RODO \u2013 sprawdz\u0119, kt\u00f3re procesy przetwarzania danych osobowych w Twojej organizacji wymagaj\u0105 dostosowania do RODO. Na koniec audytu przedstawi\u0119 przejrzysty raport zawieraj\u0105cy rekomendacje.<\/em><br \/>\n<em><strong>Przeprowadz\u0119 szkolenia<\/strong> RODO, tak dla os\u00f3b zarz\u0105dzaj\u0105cych jak i pracownik\u00f3w.<\/em><br \/>\n<em><strong>Przej\u0119cie obowi\u0105zk\u00f3w Inspektora Ochrony Danych (IOD)<\/strong> \u2013 wszystkie obowi\u0105zki wynikaj\u0105ce z UODO\/RODO, m.in. szkolenie pracownik\u00f3w, opiniowanie um\u00f3w powierzenia, przeprowadzanie audyt\u00f3w, nadawanie i ewidencja upowa\u017cnie\u0144, opracowanie i aktualizacja dokumentacji. Otrzymujesz opiek\u0119 najwy\u017cszej jako\u015bci i oszcz\u0119dzasz czas.<\/em><\/p>\n","protected":false},"excerpt":{"rendered":"<p>Od maja 2018 roku obowi\u0105zuje og\u00f3lne rozporz\u0105dzenie o ochronie danych osobowych (RODO). Nie wszyscy wdro\u017cyli jeszcze ten przepis prawa. Oferuj\u0119 Pa\u0144stwu usuni\u0119cie tego niedoci\u0105gni\u0119cia. Jak mog\u0119 pom\u00f3c? Wykonam audyt RODO \u2013 sprawdz\u0119, kt\u00f3re procesy przetwarzania danych osobowych w Twojej organizacji wymagaj\u0105 dostosowania do RODO. Na koniec audytu przedstawi\u0119 przejrzysty raport zawieraj\u0105cy rekomendacje. Przeprowadz\u0119 szkolenia RODO,<a class=\"moretag\" href=\"https:\/\/www.4cefield.com.pl\/?page_id=95\"><span class=\"screen-reader-text\">Wi\u0119cej oRODO \/ GDPR<\/span>[&#8230;]<\/a><\/p>\n","protected":false},"author":1,"featured_media":0,"parent":24,"menu_order":0,"comment_status":"closed","ping_status":"closed","template":"","meta":{"footnotes":""},"class_list":["post-95","page","type-page","status-publish","hentry"],"aioseo_notices":[],"_links":{"self":[{"href":"https:\/\/www.4cefield.com.pl\/index.php?rest_route=\/wp\/v2\/pages\/95","targetHints":{"allow":["GET"]}}],"collection":[{"href":"https:\/\/www.4cefield.com.pl\/index.php?rest_route=\/wp\/v2\/pages"}],"about":[{"href":"https:\/\/www.4cefield.com.pl\/index.php?rest_route=\/wp\/v2\/types\/page"}],"author":[{"embeddable":true,"href":"https:\/\/www.4cefield.com.pl\/index.php?rest_route=\/wp\/v2\/users\/1"}],"replies":[{"embeddable":true,"href":"https:\/\/www.4cefield.com.pl\/index.php?rest_route=%2Fwp%2Fv2%2Fcomments&post=95"}],"version-history":[{"count":3,"href":"https:\/\/www.4cefield.com.pl\/index.php?rest_route=\/wp\/v2\/pages\/95\/revisions"}],"predecessor-version":[{"id":179,"href":"https:\/\/www.4cefield.com.pl\/index.php?rest_route=\/wp\/v2\/pages\/95\/revisions\/179"}],"up":[{"embeddable":true,"href":"https:\/\/www.4cefield.com.pl\/index.php?rest_route=\/wp\/v2\/pages\/24"}],"wp:attachment":[{"href":"https:\/\/www.4cefield.com.pl\/index.php?rest_route=%2Fwp%2Fv2%2Fmedia&parent=95"}],"curies":[{"name":"wp","href":"https:\/\/api.w.org\/{rel}","templated":true}]}}